8115.
45
Calculate the greatest common divisor of 9709 and 38325.
511
What is the highest common divisor of 2590 and 258?
2
What is the greatest common factor of 1854032 and 64?
16
What is the greatest common factor of 2296 and 65928?
328
What is the greatest common factor of 54776 and 410?
82
What is the greatest common divisor of 12340 and 20?
20
What is the greatest common divisor of 3145 and 1369?
37
What is the greatest common factor of 412290 and 405?
405
What is the greatest common divisor of 18300 and 300?
300
What is the highest common divisor of 11 and 30734?
11
What is the highest common divisor of 133740 and 360?
180
Calculate the greatest common factor of 192 and 248.
8
What is the greatest common factor of 14046 and 186?
6
Calculate the greatest common divisor of 4012 and 306.
34
Calculate the highest common divisor of 34923 and 21.
21
What is the highest common factor of 78798 and 276?
138
What is the highest common divisor of 132 and 142021?
11
Calculate the highest common factor of 78624 and 1170.
234
Calculate the greatest common factor of 305 and 1035.
5
Calculate the greatest common factor of 21 and 97629.
21
Calculate the greatest common factor of 21266 and 42.
14
What is the highest common factor of 629292 and 7557?
687
What is the greatest common divisor of 1887389 and 553?
553
What is the highest common factor of 38775 and 55?
55
What is the highest common divisor of 125 and 172625?
125
What is the highest common factor of 1751 and 2873?
17
What is the greatest common factor of 11088 and 539154?
1386
What is the greatest common divisor of 15 and 208440?
15
What is the highest common factor of 23114 and 5460?
182
Calculate the greatest common factor of 3672 and 4224.
24
What is the greatest common divisor of 770 and 19866?
154
What is the highest common factor of 15 and 765705?
15
What is the highest common factor of 93 and 1166933?
31
What is the highest common factor of 2043 and 792?
9
Calculate the highest common divisor of 8339 and 124.
31
What is the greatest common factor of 132 and 957192?
12
What is the greatest common divisor of 24048 and 3600?
144
What is the highest common divisor of 29 and 10874681?
29
What is the greatest common factor of 34 and 251413?
17
Calculate the highest common divisor of 109089 and 1457.
31
Calculate the highest common factor of 10202 and 10.
2
Calculate the greatest common divisor of 63329 and 28469.
581
What is the highest common factor of 868 and 3658?
62
Calculate the highest common divisor of 17510 and 680.
170
Calculate the highest common divisor of 140 and 70.
70
Calculate the highest common factor of 52 and 7358.
26
What is the highest common factor of 3488 and 1712?
16
What is the greatest common factor of 16960 and 230?
10
What is the highest common divisor of 24 and 18030?
6
Calculate the greatest common factor of 976751 and 353.
353
Calculate the highest common factor of 18 and 9354.
6
Calculate the highest common factor of 353052 and 12852.
756
Calculate the highest common divisor of 1138014 and 306.
306
Calculate the highest common factor of 24165 and 77149.
179
What is the highest common divisor of 19775 and 1925?
175
Calculate the highest common factor of 182 and 4.
2
Calculate the highest common divisor of 135 and 110025.
135
What is the highest common factor of 190 and 2301470?
190
What is the highest common divisor of 74436 and 126?
6
Calculate the highest common divisor of 2 and 192678.
2
What is the highest common factor of 675 and 12975?
75
Calculate the greatest common factor of 12642 and 1419.
129
Calculate the greatest common divisor of 564408 and 3744.
936
What is the highest common divisor of 615 and 951815?
205
Calculate the greatest common divisor of 4065 and 705.
15
Calculate the greatest common divisor of 444 and 15318.
222
What is the greatest common factor of 1651 and 80518?
127
Calculate the highest common factor of 35802 and 11050.
442
Calculate the greatest common divisor of 795 and 579025.
265
What is the greatest common divisor of 1661 and 89543?
151
What is the greatest common factor of 6020 and 25?
5
Calculate the highest common divisor of 513 and 280611.
513
What is the highest common factor of 352 and 23104?
32
Calculate the greatest common divisor of 643916 and 143.
13
Calculate the greatest common divisor of 57 and 9501.
3
Calculate the highest common factor of 3885 and 14.
7
What is the highest common divisor of 134647 and 116?
29
Calculate the greatest common divisor of 22 and 112222.
22
What is the greatest common factor of 3341 and 14131?
13
What is the greatest common factor of 3492 and 1455?
291
What is the highest common factor of 12 and 38884?
4
What is the greatest common divisor of 18 and 3803?
1
What is the highest common divisor of 22 and 4729351?
11
Calculate the highest common factor of 6812 and 1560.
52
What is the greatest common divisor of 336 and 119728?
112
Calculate the highest common factor of 16 and 355976.
8
Calculate the highest common factor of 361935 and 252.
63
What is the highest common divisor of 36 and 3875136?
12
Calculate the greatest common factor of 121 and 3575.
11
What is the highest common factor of 664286 and 5152?
322
Calculate the greatest common divisor of 27 and 236970.
9
What is the greatest common divisor of 277651 and 28853?
473
What is the greatest common divisor of 90840 and 105?
15
Calculate the highest common factor of 594665 and 1265.
115
Calculate the greatest common factor of 64197 and 1029.
21
Calculate the highest common factor of 276 and 391713.
69
What is the greatest common divisor of 318 and 389444?
106
What is the greatest common factor of 207 and 139311?
207
Calculate the highest common factor of 582 and 359094.
582
What is the highest common divisor of 2106 and 9984?
78
Calculate the greatest common factor of 147 and 49910.
7
What is the highest common factor of 11109 and 322?
161
What is the greatest common factor of 4335 and 4305?
15
What is the greatest common factor of 127537 and 3560?
89
Calculate the highest common factor of 8285381 and 13.
13
What is the highest common divisor of 279 and 9756?
9
Calculate the highest common factor of 6335 and 1480580.
905
What is the highest common factor of 502815 and 15?
15
Calculate the greatest common factor of 2615 and 2025.
5
What is the highest common factor of 1432 and 74285?
179
Calculate the greatest common factor of 1750 and 22925.
175
What is the greatest common factor of 488 and 43249?
61
Calculate the highest common divisor of 44036 and 872.
436
Calculate the highest common divisor of 68 and 47702.
34
What is the highest common factor of 119 and 27557?
17
Calculate the highest common factor of 324 and 103923.
81
What is the highest common divisor of 213020 and 20?
20
What is the greatest common factor of 30 and 34155?
15
Calculate the highest common divisor of 49025 and 1025.
25
Calculate the highest common factor of 156152 and 4768.
1192
Calculate the greatest common divisor of 47731 and 11326.
809
What is the highest common divisor of 167 and 453071?
167
What is the greatest common divisor of 1428162 and 3144?
786
What is the greatest common divisor of 4462 and 291?
97
What is the highest common divisor of 6758 and 18094?
218
What is the greatest common divisor of 258908 and 169?
169
Calculate the greatest common factor of 1284 and 9456.
12
Calculate the highest common divisor of 2494927 and 113.
113
What is the highest common divisor of 91329 and 63?
21
Calculate the highest common factor of 3 and 1839.
3
Calculate the highest common factor of 190 and 40204.
38
Calculate the highest common factor of 28 and 119084.
28
Calculate the greatest common divisor of 99770 and 44.
22
Calculate the greatest common divisor of 220 and 4007740.
220
Calculate the highest common factor of 1350 and 15.
15
Calculate the highest common factor of 749780 and 20.
20
What is the greatest common divisor of 45095 and 15?
5
What is the greatest common divisor of 15 and 1197645?
15
What is the greatest common divisor of 272626 and 271?
271
Calculate the highest common factor of 13 and 331.
1
What is the greatest common divisor of 459 and 3105?
27
Calculate the highest common factor of 11220 and 130713.
561
Calculate the highest common factor of 